{"id":215,"date":"2024-08-17T14:08:57","date_gmt":"2024-08-17T17:08:57","guid":{"rendered":"https:\/\/iefe.ufal.br\/laboratorio\/lapebios\/?page_id=215"},"modified":"2024-09-30T12:44:22","modified_gmt":"2024-09-30T15:44:22","slug":"concordancia","status":"publish","type":"page","link":"https:\/\/iefe.ufal.br\/laboratorio\/lapebios\/pesquisa\/concordancia\/","title":{"rendered":"Estudo &#8220;Atividade F\u00edsica \u00c9 Massa!&#8221;"},"content":{"rendered":"\n<p>O estudo tem por objetivo validar o aplicativo m\u00f3vel para smartphone \u201c\u00c9 MASSA!\u201d, que se prop\u00f5e a servir como instrumento para avaliar a atividade f\u00edsica e adolescentes em contexto laboratorial e de vida livre, o aplicativo utiliza dos sensores internos do smartphone para estimar a quantidade de passos e o gasto energ\u00e9tico, a valida\u00e7\u00e3o em laborat\u00f3rio est\u00e1 sendo feita em um protocolo incremental em esteira, que simula caminhadas em esteira, o participante utiliza equipamentos \u201cpadr\u00e3o ouro\u201d que fornecem medidas iguais para verificar a qualidade das medidas, como um aceler\u00f4metro validado (ActiGraph WGTX3+) e um analisador de Mistura de Gases (QUARK PFT 2008).<\/p>\n\n\n\n<div class=\"wp-block-group is-layout-grid wp-container-core-group-is-layout-478b6e6b wp-block-group-is-layout-grid\">\n<figure class=\"wp-block-gallery has-nested-images columns-default is-cropped wp-block-gallery-1 is-layout-flex wp-block-gallery-is-layout-flex\">\n<figure class=\"wp-block-image size-large\"><img loading=\"lazy\" decoding=\"async\" width=\"1440\" height=\"2560\" data-id=\"218\" src=\"https:\/\/iefe.ufal.br\/laboratorio\/lapebios\/wp-content\/uploads\/02cde336-a3ad-4f7f-bf67-ba928485e31d-scaled.jpeg\" alt=\"\" class=\"wp-image-218\" srcset=\"https:\/\/iefe.ufal.br\/laboratorio\/lapebios\/wp-content\/uploads\/02cde336-a3ad-4f7f-bf67-ba928485e31d-scaled.jpeg 1440w, https:\/\/iefe.ufal.br\/laboratorio\/lapebios\/wp-content\/uploads\/02cde336-a3ad-4f7f-bf67-ba928485e31d-169x300.jpeg 169w\" sizes=\"auto, (max-width: 1440px) 100vw, 1440px\" \/><figcaption class=\"wp-element-caption\">Apresenta\u00e7\u00e3o de resultados preliminares no V ENCAAFS<\/figcaption><\/figure>\n<\/figure>\n\n\n\n<figure class=\"wp-block-gallery has-nested-images columns-default is-cropped wp-block-gallery-2 is-layout-flex wp-block-gallery-is-layout-flex\">\n<figure class=\"wp-block-image size-large\"><img loading=\"lazy\" decoding=\"async\" width=\"682\" height=\"1024\" data-id=\"225\" src=\"https:\/\/iefe.ufal.br\/laboratorio\/lapebios\/wp-content\/uploads\/WhatsApp-Image-2024-08-17-at-14.04.08-682x1024.jpeg\" alt=\"\" class=\"wp-image-225\" srcset=\"https:\/\/iefe.ufal.br\/laboratorio\/lapebios\/wp-content\/uploads\/WhatsApp-Image-2024-08-17-at-14.04.08-682x1024.jpeg 682w, https:\/\/iefe.ufal.br\/laboratorio\/lapebios\/wp-content\/uploads\/WhatsApp-Image-2024-08-17-at-14.04.08-200x300.jpeg 200w, https:\/\/iefe.ufal.br\/laboratorio\/lapebios\/wp-content\/uploads\/WhatsApp-Image-2024-08-17-at-14.04.08-768x1153.jpeg 768w, https:\/\/iefe.ufal.br\/laboratorio\/lapebios\/wp-content\/uploads\/WhatsApp-Image-2024-08-17-at-14.04.08-1023x1536.jpeg 1023w, https:\/\/iefe.ufal.br\/laboratorio\/lapebios\/wp-content\/uploads\/WhatsApp-Image-2024-08-17-at-14.04.08.jpeg 1066w\" sizes=\"auto, (max-width: 682px) 100vw, 682px\" \/><figcaption class=\"wp-element-caption\">Apresenta\u00e7\u00e3o do aplicativo no Trakto Show em 2024<\/figcaption><\/figure>\n<\/figure>\n\n\n\n<figure class=\"wp-block-gallery has-nested-images columns-default is-cropped wp-block-gallery-3 is-layout-flex wp-block-gallery-is-layout-flex\">\n<figure class=\"wp-block-image size-large\"><img loading=\"lazy\" decoding=\"async\" width=\"768\" height=\"1024\" data-id=\"226\" src=\"https:\/\/iefe.ufal.br\/laboratorio\/lapebios\/wp-content\/uploads\/WhatsApp-Image-2024-08-17-at-14.05.34-2-768x1024.jpeg\" alt=\"\" class=\"wp-image-226\" srcset=\"https:\/\/iefe.ufal.br\/laboratorio\/lapebios\/wp-content\/uploads\/WhatsApp-Image-2024-08-17-at-14.05.34-2-768x1024.jpeg 768w, https:\/\/iefe.ufal.br\/laboratorio\/lapebios\/wp-content\/uploads\/WhatsApp-Image-2024-08-17-at-14.05.34-2-225x300.jpeg 225w, https:\/\/iefe.ufal.br\/laboratorio\/lapebios\/wp-content\/uploads\/WhatsApp-Image-2024-08-17-at-14.05.34-2-1152x1536.jpeg 1152w, https:\/\/iefe.ufal.br\/laboratorio\/lapebios\/wp-content\/uploads\/WhatsApp-Image-2024-08-17-at-14.05.34-2.jpeg 1200w\" sizes=\"auto, (max-width: 768px) 100vw, 768px\" \/><figcaption class=\"wp-element-caption\">Pr\u00e9 Teste dos equipamentos<\/figcaption><\/figure>\n<\/figure>\n\n\n\n<figure class=\"wp-block-gallery has-nested-images columns-default is-cropped wp-block-gallery-4 is-layout-flex wp-block-gallery-is-layout-flex\">\n<figure class=\"wp-block-image size-large\"><img loading=\"lazy\" decoding=\"async\" width=\"900\" height=\"1014\" data-id=\"195\" src=\"https:\/\/iefe.ufal.br\/laboratorio\/lapebios\/wp-content\/uploads\/recrutamento-2.jpeg\" alt=\"\" class=\"wp-image-195\" srcset=\"https:\/\/iefe.ufal.br\/laboratorio\/lapebios\/wp-content\/uploads\/recrutamento-2.jpeg 900w, https:\/\/iefe.ufal.br\/laboratorio\/lapebios\/wp-content\/uploads\/recrutamento-2-266x300.jpeg 266w, https:\/\/iefe.ufal.br\/laboratorio\/lapebios\/wp-content\/uploads\/recrutamento-2-768x865.jpeg 768w\" sizes=\"auto, (max-width: 900px) 100vw, 900px\" \/><figcaption class=\"wp-element-caption\">Convite de participantes da pesquisa<\/figcaption><\/figure>\n<\/figure>\n<\/div>\n\n\n\n<p><strong>Coordenador<\/strong> <strong>geral<\/strong>: Prof. Dr. Luiz Rodrigo Augustemak de Lima &#8211; <a href=\"http:\/\/lattes.cnpq.br\/9155840708006766\" title=\"\">Curr\u00edculo Lattes<\/a> &#8211; <a href=\"luiz.lima@iefe.ufal.br\" title=\"\">E-mail<\/a><\/p>\n\n\n\n<p><strong>Pesquisadores:<\/strong><\/p>\n\n\n\n<ul class=\"wp-block-list\">\n<li>Andreia Pelegrini (UDESC, Santa Catarina) &#8211; Curr\u00edculo Lattes &#8211; <a href=\"pelegrini@undesc.br\" title=\"\">E-mail<\/a><\/li>\n\n\n\n<li>Bruno Gon\u00e7alves Galdino da Costa (McGill, Canad\u00e1) &#8211; Curr\u00edculo Lattes &#8211; <a href=\"bruno.dacosta@mcgill.ca\" title=\"\">E-mail<\/a><\/li>\n\n\n\n<li> Isabela de Carlos Back (UFSC, Santa Catarina) &#8211; Curr\u00edculo Lattes &#8211; <a href=\"isabela@ccs.ufsc.br\" title=\"\">E-mail<\/a><\/li>\n\n\n\n<li>Enaiane Cristina Menezes (UFAL)  &#8211; Curr\u00edculo Lattes &#8211; <a href=\"enaiane.menezes@iefe.ufal.br\" title=\"\">E-mail<\/a><\/li>\n\n\n\n<li>HUGO VINICIUS ROCHA DE ALMEIDA (UFAL)  &#8211; Curr\u00edculo Lattes &#8211;<a href=\"hugo.almeida@fanut.ufal.br\" title=\"\"> E-mail<\/a><\/li>\n\n\n\n<li> Arthur Candido Regueira de Miranda (UFAL) &#8211; Curr\u00edculo Lattes &#8211; <a href=\"arthur.regueira@iefe.ufal.br\" title=\"\">E-mail<\/a><\/li>\n<\/ul>\n\n\n\n<p><\/p>\n","protected":false},"excerpt":{"rendered":"<p>O estudo tem por objetivo validar o aplicativo m\u00f3vel para smartphone \u201c\u00c9 MASSA!\u201d, que se prop\u00f5e a servir como instrumento para avaliar a atividade f\u00edsica e adolescentes em contexto laboratorial e de vida livre, o aplicativo utiliza dos sensores internos do smartphone para estimar a quantidade de passos e o gasto energ\u00e9tico, a valida\u00e7\u00e3o em [&hellip;]<\/p>\n","protected":false},"author":1,"featured_media":0,"parent":27,"menu_order":0,"comment_status":"closed","ping_status":"closed","template":"","meta":{"om_disable_all_campaigns":false,"_monsterinsights_skip_tracking":false,"_monsterinsights_sitenote_active":false,"_monsterinsights_sitenote_note":"","_monsterinsights_sitenote_category":0,"footnotes":""},"class_list":["post-215","page","type-page","status-publish","hentry"],"aioseo_notices":[],"_links":{"self":[{"href":"https:\/\/iefe.ufal.br\/laboratorio\/lapebios\/wp-json\/wp\/v2\/pages\/215","targetHints":{"allow":["GET"]}}],"collection":[{"href":"https:\/\/iefe.ufal.br\/laboratorio\/lapebios\/wp-json\/wp\/v2\/pages"}],"about":[{"href":"https:\/\/iefe.ufal.br\/laboratorio\/lapebios\/wp-json\/wp\/v2\/types\/page"}],"author":[{"embeddable":true,"href":"https:\/\/iefe.ufal.br\/laboratorio\/lapebios\/wp-json\/wp\/v2\/users\/1"}],"replies":[{"embeddable":true,"href":"https:\/\/iefe.ufal.br\/laboratorio\/lapebios\/wp-json\/wp\/v2\/comments?post=215"}],"version-history":[{"count":14,"href":"https:\/\/iefe.ufal.br\/laboratorio\/lapebios\/wp-json\/wp\/v2\/pages\/215\/revisions"}],"predecessor-version":[{"id":269,"href":"https:\/\/iefe.ufal.br\/laboratorio\/lapebios\/wp-json\/wp\/v2\/pages\/215\/revisions\/269"}],"up":[{"embeddable":true,"href":"https:\/\/iefe.ufal.br\/laboratorio\/lapebios\/wp-json\/wp\/v2\/pages\/27"}],"wp:attachment":[{"href":"https:\/\/iefe.ufal.br\/laboratorio\/lapebios\/wp-json\/wp\/v2\/media?parent=215"}],"curies":[{"name":"wp","href":"https:\/\/api.w.org\/{rel}","templated":true}]}}